{"id":1510,"date":"2025-10-13T14:10:47","date_gmt":"2025-10-13T14:10:47","guid":{"rendered":"https:\/\/igreja.paviani.net\/?page_id=1510"},"modified":"2025-10-13T19:50:52","modified_gmt":"2025-10-13T19:50:52","slug":"empresas-luterana","status":"publish","type":"page","link":"https:\/\/igreja.paviani.net\/","title":{"rendered":"Empresas Luterana"},"content":{"rendered":"\t\t<div data-elementor-type=\"wp-page\" data-elementor-id=\"1510\" class=\"elementor elementor-1510\" data-elementor-post-type=\"page\">\n\t\t\t\t\t\t<section class=\"elementor-section elementor-top-section elementor-element elementor-element-daa3c25 elementor-section-full_width elementor-section-height-default elementor-section-height-default\" data-id=\"daa3c25\" data-element_type=\"section\" data-settings=\"{&quot;background_background&quot;:&quot;gradient&quot;}\">\n\t\t\t\t\t\t<div class=\"elementor-container elementor-column-gap-default\">\n\t\t\t\t\t<div class=\"elementor-column elementor-col-100 elementor-top-column elementor-element elementor-element-8badfb1\" data-id=\"8badfb1\" data-element_type=\"column\">\n\t\t\t<div class=\"elementor-widget-wrap elementor-element-populated\">\n\t\t\t\t\t\t<div class=\"elementor-element elementor-element-94b877d elementor-widget elementor-widget-image\" data-id=\"94b877d\" data-element_type=\"widget\" data-widget_type=\"image.default\">\n\t\t\t\t\t\t\t\t\t\t\t\t\t\t\t<img decoding=\"async\" src=\"https:\/\/igreja.paviani.net\/wp-content\/uploads\/elementor\/thumbs\/Logo-ok-rd5trkmb3ktbvjrwvm8u2v40z1o66fft473eyymm8c.png\" title=\"Logo ok\" alt=\"Logo ok\" loading=\"lazy\" \/>\t\t\t\t\t\t\t\t\t\t\t\t\t\t\t<\/div>\n\t\t\t\t<div class=\"elementor-element elementor-element-25cd867 elementor-widget elementor-widget-heading\" data-id=\"25cd867\" data-element_type=\"widget\" data-widget_type=\"heading.default\">\n\t\t\t\t\t<h1 class=\"elementor-heading-title elementor-size-default\">Empresas Luterana<\/h1>\t\t\t\t<\/div>\n\t\t\t\t\t<\/div>\n\t\t<\/div>\n\t\t\t\t\t<\/div>\n\t\t<\/section>\n\t\t\t\t<section class=\"elementor-section elementor-top-section elementor-element elementor-element-4a7718f elementor-section-boxed elementor-section-height-default elementor-section-height-default\" data-id=\"4a7718f\" data-element_type=\"section\">\n\t\t\t\t\t\t<div class=\"elementor-container elementor-column-gap-default\">\n\t\t\t\t\t<div class=\"elementor-column elementor-col-100 elementor-top-column elementor-element elementor-element-c094136\" data-id=\"c094136\" data-element_type=\"column\">\n\t\t\t<div class=\"elementor-widget-wrap elementor-element-populated\">\n\t\t\t\t\t\t<div class=\"elementor-element elementor-element-9453340 elementor-widget elementor-widget-search\" data-id=\"9453340\" data-element_type=\"widget\" data-settings=\"{&quot;submit_trigger&quot;:&quot;click_submit&quot;,&quot;pagination_type_options&quot;:&quot;none&quot;}\" data-widget_type=\"search.default\">\n\t\t\t\t\t\t\t<search class=\"e-search hidden\" role=\"search\">\n\t\t\t<form class=\"e-search-form\" action=\"https:\/\/igreja.paviani.net\" method=\"get\">\n\n\t\t\t\t\n\t\t\t\t<label class=\"e-search-label\" for=\"search-9453340\">\n\t\t\t\t\t<span class=\"elementor-screen-only\">\n\t\t\t\t\t\tPesquisar\t\t\t\t\t<\/span>\n\t\t\t\t\t\t\t\t\t<\/label>\n\n\t\t\t\t<div class=\"e-search-input-wrapper\">\n\t\t\t\t\t<input id=\"search-9453340\" placeholder=\"Digite para buscar uma empresa, produto ou servi\u00e7o\" class=\"e-search-input\" type=\"search\" name=\"s\" value=\"\" autocomplete=\"on\" role=\"combobox\" aria-autocomplete=\"list\" aria-expanded=\"false\" aria-controls=\"results-9453340\" aria-haspopup=\"listbox\">\n\t\t\t\t\t<i aria-hidden=\"true\" class=\"fas fa-times\"><\/i>\t\t\t\t\t\t\t\t\t\t<output id=\"results-9453340\" class=\"e-search-results-container hide-loader\" aria-live=\"polite\" aria-atomic=\"true\" aria-label=\"Resultados da pesquisa\" tabindex=\"0\">\n\t\t\t\t\t\t<div class=\"e-search-results\"><\/div>\n\t\t\t\t\t\t\t\t\t\t\t<\/output>\n\t\t\t\t\t\t\t\t\t<\/div>\n\t\t\t\t\n\t\t\t\t\n\t\t\t\t<button class=\"e-search-submit  \" type=\"submit\">\n\t\t\t\t\t\n\t\t\t\t\t\t\t\t\t\t<span class=\"\">\n\t\t\t\t\t\tPesquisar\t\t\t\t\t<\/span>\n\t\t\t\t\t\t\t\t\t<\/button>\n\t\t\t\t<input type=\"hidden\" name=\"e_search_props\" value=\"9453340-1510\">\n\t\t\t<\/form>\n\t\t<\/search>\n\t\t\t\t\t\t<\/div>\n\t\t\t\t\t<\/div>\n\t\t<\/div>\n\t\t\t\t\t<\/div>\n\t\t<\/section>\n\t\t\t\t<section class=\"elementor-section elementor-top-section elementor-element elementor-element-506781a elementor-section-boxed elementor-section-height-default elementor-section-height-default\" data-id=\"506781a\" data-element_type=\"section\">\n\t\t\t\t\t\t<div class=\"elementor-container elementor-column-gap-default\">\n\t\t\t\t\t<div class=\"elementor-column elementor-col-100 elementor-top-column elementor-element elementor-element-8aa562e\" data-id=\"8aa562e\" data-element_type=\"column\">\n\t\t\t<div class=\"elementor-widget-wrap elementor-element-populated\">\n\t\t\t\t\t\t<div class=\"elementor-element elementor-element-5ee4c24 elementor-widget elementor-widget-heading\" data-id=\"5ee4c24\" data-element_type=\"widget\" data-widget_type=\"heading.default\">\n\t\t\t\t\t<h2 class=\"elementor-heading-title elementor-size-default\">\u00daltimas empresas cadastradas<\/h2>\t\t\t\t<\/div>\n\t\t\t\t<div class=\"elementor-element elementor-element-94c7e43 elementor-widget elementor-widget-slider\" data-id=\"94c7e43\" data-element_type=\"widget\" data-widget_type=\"slider.default\">\n\t\t\t\t<div class=\"elementor-widget-container\">\n\t\t\t\t\t            <!-- portfolio Card 15 -->\r\n            <section class=\"portfolio-area style-15\">\r\n                <div class=\"swp-container\">\r\n                    <div class=\"swp-slider-2 slider-control-base owl-carousel \">\r\n                                                        <div class=\"item\">\r\n                                    <div class=\"swp-single-inner style-1\">\r\n                                                                                    <div class=\"icon-img\">\r\n                                                <img fetchpriority=\"high\" decoding=\"async\" width=\"350\" height=\"240\" src=\"https:\/\/igreja.paviani.net\/wp-content\/uploads\/2025\/10\/Paviani_Final-350x240.png\" class=\"attachment-swp-portfolio-slider size-swp-portfolio-slider wp-post-image\" alt=\"\" srcset=\"https:\/\/igreja.paviani.net\/wp-content\/uploads\/2025\/10\/Paviani_Final-350x240.png 350w, https:\/\/igreja.paviani.net\/wp-content\/uploads\/2025\/10\/Paviani_Final-540x370.png 540w, https:\/\/igreja.paviani.net\/wp-content\/uploads\/2025\/10\/Paviani_Final-570x390.png 570w\" sizes=\"(max-width: 350px) 100vw, 350px\" \/>                                            <\/div>\r\n                                                                                <div class=\"content-box\">\r\n                                                                                            <h2 class=\"inner-title\">\r\n\r\n                                                    \r\n                                                        <a  href=\"https:\/\/igreja.paviani.net\/?portfolio=paviani-digital-media\">\r\n\r\n                                                        \r\n                                                            Paviani Digital Media                                                            <\/a>\r\n                                                        \r\n                                                <\/h2>\r\n                                                                                                    <p>Cria\u00e7\u00e3o de Sites e Tr\u00e1fego Pago<\/p>\r\n                                                                                        <\/div>\r\n                                    <\/div>\r\n                                <\/div>\r\n                                            <\/div>\r\n                <\/div>\r\n            <\/section>\r\n            <!-- portfolio Card 15 -->\r\n        \r\n\t\t\t\t<\/div>\n\t\t\t\t<\/div>\n\t\t\t\t<div class=\"elementor-element elementor-element-0504c9d elementor-widget elementor-widget-heading\" data-id=\"0504c9d\" data-element_type=\"widget\" data-widget_type=\"heading.default\">\n\t\t\t\t\t<h2 class=\"elementor-heading-title elementor-size-default\">Filtro por categoria<\/h2>\t\t\t\t<\/div>\n\t\t\t\t<div class=\"elementor-element elementor-element-91eb27e elementor-widget elementor-widget-swp_isotop\" data-id=\"91eb27e\" data-element_type=\"widget\" data-widget_type=\"swp_isotop.default\">\n\t\t\t\t<div class=\"elementor-widget-container\">\n\t\t\t\t\t            <section class=\"portfolio-area style-2 noajax\" data-filter-section=\"69e496dc5cc48\" data-swp_ajaxid=\"91eb27e\" data-style=\"isotope-style-two\">\r\n                <div class=\"swp-container\">\r\n                    <div class=\"modal\"><\/div>\r\n                    <div class=\"swpisotopefilter\">\r\n    <div class=\"isotope-filters swp-isotope-btn swp-isotope-btn-radius text-lg-left text-center\">\r\n        <button class=\"button active\" data-filter=\"*\">All<\/button>\r\n                            <button class=\"button\" data-filter=\".marketing\">Marketing<\/button>\r\n            <\/div>\r\n\r\n    <div class=\"swp-section\">\r\n        <div class=\"swp-isotope swp-row \">\r\n            <div class=\"swp-sizer col-1\"><\/div>\r\n                                <div class=\"swp-item swp-col-lg-4 swp-col-sm-6 marketing \">\r\n                        <div class=\"swp-single-inner style-2\">\r\n                            <div class=\"icon-img\">\r\n                                <img decoding=\"async\" width=\"350\" height=\"350\" src=\"https:\/\/igreja.paviani.net\/wp-content\/uploads\/2025\/10\/Paviani_Final-350x350.png\" class=\"attachment-swp-portfolio-card size-swp-portfolio-card wp-post-image\" alt=\"\" srcset=\"https:\/\/igreja.paviani.net\/wp-content\/uploads\/2025\/10\/Paviani_Final-350x350.png 350w, https:\/\/igreja.paviani.net\/wp-content\/uploads\/2025\/10\/Paviani_Final-600x600.png 600w, https:\/\/igreja.paviani.net\/wp-content\/uploads\/2025\/10\/Paviani_Final-180x180.png 180w, https:\/\/igreja.paviani.net\/wp-content\/uploads\/2025\/10\/Paviani_Final-357x357.png 357w, https:\/\/igreja.paviani.net\/wp-content\/uploads\/2025\/10\/Paviani_Final-255x255.png 255w\" sizes=\"(max-width: 350px) 100vw, 350px\" \/>                                                                    <div class=\"swp-readmore-arrow-wrap\">\r\n                                                                                                                                                                                                                    <a class=\"swp-readmore-arrow\"  href=\"https:\/\/igreja.paviani.net\/?portfolio=paviani-digital-media\"><i class=\"fas fa-angle-double-right\"><\/i><\/a>\r\n                                                                                <\/div>\r\n                                                            <\/div>\r\n                            <div class=\"content-box\">\r\n                                                                    <h2 class=\"inner-title\">\r\n\r\n                                        \r\n                                            <a  href=\"https:\/\/igreja.paviani.net\/?portfolio=paviani-digital-media\">\r\n\r\n                                            \r\n                                                Paviani Digital Media                                                <\/a>\r\n\r\n                                    <\/h2>\r\n\r\n                                                                                                    <p>Cria\u00e7\u00e3o de Sites e Tr\u00e1fego Pago<\/p>\r\n\r\n                                                                                <a  class=\"swp-readmore-arrow\" href=\"https:\/\/igreja.paviani.net\/?portfolio=paviani-digital-media\"><i class=\"fas fa-angle-double-right\"><\/i><\/a>\r\n                                                                                                    <\/div>\r\n                        <\/div>\r\n                    <\/div>\r\n                    <\/div>\r\n    <\/div>\r\n        <script type=\"text\/javascript\">\r\n        jQuery(document).ready(function() {\r\n            if (jQuery(\".swp-isotope\").length) {\r\n\r\n                var filterArea = jQuery(\".portfolio-area\");\r\n\r\n                filterArea.each(function() {\r\n\r\n                    var filterAreaId = jQuery(this).data(\"filter-section\");\r\n\r\n                    var Self = jQuery(this);\r\n\r\n                    Self.find('.swp-isotope').addClass(filterAreaId);\r\n\r\n                    var $galleryFilterArea = jQuery('.' + filterAreaId);\r\n\r\n                    \/\/button            \r\n                    Self.find('.isotope-filters').addClass('swp' + filterAreaId);\r\n\r\n                    var $galleryFilterMenu = jQuery('.swp' + filterAreaId);\r\n\r\n                    \/*Filter*\/\r\n                    $galleryFilterMenu.on('click', 'button, a', function() {\r\n                        var $this = jQuery(this),\r\n                            $filterValue = $this.attr('data-filter');\r\n                        $galleryFilterMenu.find('button, a').removeClass('active');\r\n                        $this.addClass('active');\r\n                        $galleryFilterArea.isotope({\r\n                            filter: $filterValue\r\n                        });\r\n                    });\r\n                    \/*Grid*\/\r\n                    $galleryFilterArea.each(function() {\r\n                        var $this = jQuery(this),\r\n                            $galleryFilterItem = '.swp-item';\r\n                        $this.imagesLoaded(function() {\r\n                            $this.isotope({\r\n                                itemSelector: $galleryFilterItem,\r\n                                percentPosition: true,\r\n                                masonry: {\r\n                                    columnWidth: '.swp-sizer',\r\n                                }\r\n                            });\r\n                        });\r\n                    });\r\n\r\n                });\r\n\r\n            }\r\n        });\r\n    <\/script>\r\n<\/div>                    <div class=\"swpajaxapend\"><\/div>\r\n                <\/div>\r\n            <\/section>\r\n        \r\n\t\t\t\t<\/div>\n\t\t\t\t<\/div>\n\t\t\t\t\t<\/div>\n\t\t<\/div>\n\t\t\t\t\t<\/div>\n\t\t<\/section>\n\t\t\t\t<\/div>\n\t\t","protected":false},"excerpt":{"rendered":"<p>Empresas Luterana Pesquisar Pesquisar \u00daltimas empresas cadastradas Paviani Digital Media Cria\u00e7\u00e3o de Sites e Tr\u00e1fego Pago Filtro por categoria All Marketing Paviani Digital Media Cria\u00e7\u00e3o de Sites e Tr\u00e1fego Pago<\/p>\n","protected":false},"author":1,"featured_media":0,"parent":0,"menu_order":0,"comment_status":"closed","ping_status":"closed","template":"elementor_canvas","meta":{"footnotes":""},"class_list":["post-1510","page","type-page","status-publish","hentry"],"_links":{"self":[{"href":"https:\/\/igreja.paviani.net\/index.php?rest_route=\/wp\/v2\/pages\/1510","targetHints":{"allow":["GET"]}}],"collection":[{"href":"https:\/\/igreja.paviani.net\/index.php?rest_route=\/wp\/v2\/pages"}],"about":[{"href":"https:\/\/igreja.paviani.net\/index.php?rest_route=\/wp\/v2\/types\/page"}],"author":[{"embeddable":true,"href":"https:\/\/igreja.paviani.net\/index.php?rest_route=\/wp\/v2\/users\/1"}],"replies":[{"embeddable":true,"href":"https:\/\/igreja.paviani.net\/index.php?rest_route=%2Fwp%2Fv2%2Fcomments&post=1510"}],"version-history":[{"count":16,"href":"https:\/\/igreja.paviani.net\/index.php?rest_route=\/wp\/v2\/pages\/1510\/revisions"}],"predecessor-version":[{"id":1535,"href":"https:\/\/igreja.paviani.net\/index.php?rest_route=\/wp\/v2\/pages\/1510\/revisions\/1535"}],"wp:attachment":[{"href":"https:\/\/igreja.paviani.net\/index.php?rest_route=%2Fwp%2Fv2%2Fmedia&parent=1510"}],"curies":[{"name":"wp","href":"https:\/\/api.w.org\/{rel}","templated":true}]}}